19).
5
Let q(h) = -5*h + 25. Calculate q(16).
-55
Let r(f) = 10*f + 2. Calculate r(-1).
-8
Let s(y) = -2*y + 40. Calculate s(0).
40
Let h(k) = -2*k**2 + k - 1. What is h(-3)?
-22
Let p(m) = -2*m**2 - 2*m - 3. Give p(-1).
-3
Let p(b) = -b**2 + 11*b + 3. Give p(15).
-57
Let l(a) = 2*a - 1. Calculate l(1).
1
Let c(h) = -8*h - 52. Give c(-8).
12
Let t(r) = -r**3 + 38*r**2 + 126*r - 101. Determine t(41).
22
Let i(b) = 8*b + 43. What is i(-6)?
-5
Let v(f) = -8*f + 27. Give v(8).
-37
Let h(a) = -a**2 - 10*a - 4. Calculate h(-9).
5
Let s(p) = p**3 + 3*p**2 - 2. What is s(-2)?
2
Let x(p) = 2*p**2 - 16*p - 4. What is x(7)?
-18
Let z(x) = x**3 + 6*x**2 + 2*x + 11. Calculate z(-6).
-1
Let n(z) = z**3 - 11*z + 3. Calculate n(3).
-3
Let z(v) = 2*v - 6. Determine z(-10).
-26
Let g(h) = -2*h + 11. Determine g(8).
-5
Let h(g) = -2*g**3 + 2*g**2 + 4. Determine h(2).
-4
Let j(k) = k - 9. Determine j(8).
-1
Let h(y) = 4*y**2 - y - 4. Determine h(-2).
14
Let g(y) = -y + 49. Calculate g(19).
30
Let z(d) = -3*d**2 - 40*d - 131. Give z(-9).
-14
Let s(k) = 16*k**2 + 210*k + 10. Give s(-13).
-16
Let g(s) = 2*s**2 + 51*s - 15. Give g(-26).
11
Let r(l) = 2*l**3 - 4*l**2 - 3. Give r(3).
15
Let p(c) = -c + 82. What is p(17)?
65
Let h(r) = -r**2 - 7*r + 14. Give h(-7).
14
Let u(y) = 5*y**3 - 2*y**2 + y + 2. Determine u(2).
36
Let w(f) = f**2 + 2*f + 1. Calculate w(0).
1
Let z(l) = l**2 + 4*l + 2. Determine z(-8).
34
Let p(q) = -q**3 - 3*q**2 + 4*q - 31. Determine p(-5).
-1
Let m(f) = -f**2 - 5*f + 89. Give m(-12).
5
Let k(u) = 5*u - 33. Determine k(5).
-8
Let i(c) = 2*c**2 - 2*c + 3. Give i(2).
7
Let w(z) = -2*z - 6. Give w(6).
-18
Let i(f) = -f**2 - 18*f - 29. Calculate i(-17).
-12
Let v(r) = -2*r**2 + 3*r + 21. Determine v(-3).
-6
Let r(t) = -t**3 + 7*t**2 - 5*t - 4. What is r(5)?
21
Let k(y) = -y**2 - 30*y - 88. What is k(-26)?
16
Let z(u) = -u**2 + 2*u + 45. What is z(9)?
-18
Let m(d) = 10*d + 69. Give m(-6).
9
Let d(v) = 4*v**2 + 5*v - 23. What is d(-6)?
91
Let l(g) = -76*g**3 - g**2 - g + 1. Determine l(1).
-77
Let u(v) = 5*v**2 + 56*v + 5. What is u(-11)?
-6
Let c(a) = -22*a + 312. Determine c(14).
4
Let y(v) = -12*v**2 - 5*v + 3. What is y(1)?
-14
Let a(h) = h**2 + 7*h - 6. What is a(-7)?
-6
Let x(s) = -s**3 - s**2 + 11*s + 15. What is x(-3)?
0
Let y(m) = m - 27. Calculate y(0).
-27
Let t(i) = 6*i**2. Determine t(1).
6
Let p(z) = -11*z - 49. Calculate p(-8).
39
Let z(f) = -15*f**2 + f. Give z(-1).
-16
Let x(l) = 8*l - 23. Determine x(8).
41
Let r(k) = -k**3 + k + 5. Calculate r(0).
5
Let m(i) = 9*i**2 + i - 6. Calculate m(0).
-6
Let r(x) = x**3 - 9*x**2 + 6*x + 2. What is r(8)?
-14
Let v(q) = q - 2. Calculate v(0).
-2
Let l(r) = 4*r + 72. What is l(-16)?
8
Let w(d) = d + 11. What is w(-4)?
7
Let w(r) = 55*r + 52. What is w(-1)?
-3
Let o(g) = 5*g**2 + 62*g + 28. What is o(-12)?
4
Let t(r) = 107*r - 748. What is t(7)?
1
Let l(o) = 18*o - 160. Give l(8).
-16
Let h(p) = -p**3 - p**2 + 2*p + 1. What is h(-3)?
13
Let x(d) = 2*d**3 + 24*d**2 + 62*d + 4. Determine x(-8).
20
Let q(i) = -i**3 + 4*i**2 - 1. Calculate q(4).
-1
Let r(z) = -2*z**3 - z**2 + z - 2. What is r(-2)?
8
Let o(n) = -2*n**2 + 16*n + 9. What is o(7)?
23
Let v(g) = g**3 - 3*g**2 + g + 10. Calculate v(6).
124
Let m(r) = -r**2 - 13*r - 9. What is m(-10)?
21
Let p(x) = 6*x - 110. Calculate p(18).
-2
Let o(f) = -f**2 - 18*f - 6. Calculate o(-17).
11
Let h(q) = -3*q**3 - 4*q**2 + 9*q + 4. What is h(-4)?
96
Let g(n) = 5*n - 6. Give g(-15).
-81
Let b(q) = -q**2 - 8*q + 10. Determine b(-8).
10
Let r(q) = q**3 + 9*q**2 - 8. What is r(-9)?
-8
Let z(w) = -w**2 - 3*w + 7. What is z(4)?
-21
Let k(n) = 3*n + 39. Give k(-6).
21
Let o(q) = 3*q - 4. Determine o(-5).
-19
Let d(q) = q**2 - 7*q + 8. Determine d(4).
-4
Let q(n) = -n**3 + 3*n**2 + n. Determine q(3).
3
Let a(w) = w + 4. Determine a(3).
7
Let q(w) = -w**2 - 26*w - 8. Determine q(-25).
17
Let q(p) = -p**3 - 15*p**2 - 5*p + 17. Determine q(-15).
92
Let s(r) = -31*r - 21. Determine s(-1).
10
Let l(d) = -d**3 + 21*d**2 - 40*d + 26. Determine l(19).
-12
Let j(m) = -m**2 - 164*m + 496. Give j(3).
-5
Let y(b) = b**3 - 10*b**2 - 2. Calculate y(10).
-2
Let g(m) = -m**3 + 12*m**2 - 10*m - 11. Determine g(11).
0
Let a(m) = -m**2 + 9*m - 15. What is a(6)?
3
Let u(m) = -m**2 + 4*m - 8. Determine u(6).
-20
Let f(s) = -13*s + 77. What is f(7)?
-14
Let x(w) = -2*w - 22. What is x(10)?
-42
Let j(d) = d**3 - 11*d**2 + 18*d - 8. What is j(9)?
-8
Let r(l) = -l**2 - 12*l + 227. Calculate r(10).
7
Let u(x) = -8*x. Calculate u(-2).
16
Let w(a) = a**2 - 10*a + 19. Give w(4).
-5
Let j(a) = -a**2 - 5*a + 7. Calculate j(-3).
13
Let v(i) = -18*i**2. Determine v(-1).
-18
Let i(v) = v**3 - 4*v**2 - 5*v + 4. What is i(4)?
-16
Let d(w) = 126*w**2 - w + 4. Determine d(1).
129
Let b(t) = -t - 8. What is b(-9)?
1
Let a(k) = 5*k + 31. What is a(-6)?
1
Let f(j) = 2*j**3 - 23*j**2 + 11*j - 26. Give f(11).
-26
Let x(y) = 3*y + 1. Determine x(0).
1
Let a(g) = 2*g**2 + 13*g + 17. What is a(-9)?
62
Let f(v) = v**2 + 8*v - 34. Calculate f(5).
31
Let n(b) = 20*b + 52. Determine n(-3).
-8
Let g(u) = -209*u**2 - 1673*u - 3. What is g(-8)?
5
Let z(b) = -b**3 - 5*b**2 + b. Give z(-4).
-20
Let o(c) = -14*c - 66. Determine o(-3).
-24
Let a(n) = -n**3 - 6*n**2 - 6*n + 14. Determine a(-6).
50
Let w(h) = -h**3 - h**2 + 27. What is w(0)?
27
Let m(p) = 8*p + 50. Determine m(-5).
10
Let g(o) = 4*o**2 + 13*o + 10. Calculate g(-3).
7
Let b(h) = 17*h + 237. Determine b(-13).
16
Let k(j) = 2*j**3 + 54*j**2 + 51*j - 28. What is k(-26)?
-2
Let h(a) = -5*a**2 + 110*a + 10. What is h(22)?
10
Let s(g) = -2*g**2 + 26*g + 7. Calculate s(11).
51
Let k(g) = -2*g**3 + 11*g**2 - 3*g - 13. Calculate k(5).
-3
Let m(u) = -u**3 + 4*u**2 + 4*u - 13. Determine m(4).
3
Let t(b) = -4*b**2 - 3*b - 2. Calculate t(-1).
-3
Let y(p) = 3*p**2 - 15*p + 4. Determine y(0).
4
Let b(k) = -k**2 + 7*k - 7. Calculate b(9).
-25
Let b(o) = 2*o**3 - 13*o**2 + o + 35. Give b(6).
5
Let l(j) = 7*j + 3. Determine l(3).
24
Let o(n) = 2*n**2 + n + 5. What is o(-2)?
11
Let i(b) = -21*b. Give i(2).
-42
Let t(u) = -u**3 + 17*u**2 - 29*u - 30. What is t(15)?
-15
Let f(c) = c**3 - 9*c**2 + 7*c - 6. Determine f(8).
-14
Let b(r) = -r**2 - 36*r - 10. Calculate b(0).
-10
Let w(r) = -r**2 - 10*r - 22. Determine w(-5).
3
Let h(u) = u**2 - 38*u + 195. Give h(32).
3
Let i(t) = -2*t**3 + 12*t**2 + 6. Determine i(6).
6
Let h(d) = 7*d**2 - 19*d - 20. What is h(-1)?
6
Let q(l) = l - 9. What is q(16)?
7
Let s(b) = b**2 - 13*b - 3. Calculate s(13).
-3
Let t(v) = -v**3 + 4*v**2 + 2*v + 1. Give t(3).
16
Let t(q) = 2*q**2 - 35*q - 20. Calculate t(18).
-2
Let v(c) = -c**2 + 24*c + 44. Calculate v(-2).
-8
Let w(j) = 3*j**2 + 4*j - 15. Calculate w(-3).
0
Let w(z) = z**3 - 4*z**2 - 11*z - 1. Calculate w(5).
-31
Let k(d) = -7*d + 7. What is k(2)?
-7
Let d(r) = 3*r**2 + 12*r + 5. What is d(-6)?
41
Let z(q) = -q**3 - 22*q**2 - q - 33. Give z(-22).
-11
Let p(y) = -3*y**2 - 19*y - 2. Calculate p(-8).
-42
Let t(l) = 7*l + 20. Determine t(-3).
-1
Let i(z) = -z**2 - z + 1. Determine i(4).
-19
Let c(s) = -2*s - 4. Determine c(5).
-14
Let k(h) = -6*h**3 + h**2 - 1. Give k(-1).
6
Let a(w) = w**3 - 21*w**2 - 5*w + 52. Determine a(21).
-53
Let y(h) = -15*h + 75. Give y(5).
0
Let b(o) = o**2. Calculate b(-2).
4
Let x(d) = -d**3 + 2*d + 118. What is x(0)?
118
Let d(l) = 3*l + 18. Determine d(-8).
-6
Let u(o) = -o**3 - 7*o**2 - 9*o - 7. What is u(-4)?
-19
Let v(d) = 3*d - 8. Determine v(7).
13
Let p(s) = -s**3 + 8*s**2 - 11*s + 18. What is p(6)?
24
Let u(l) = l**3 - 7*l**2 - 6*l + 2. What is u(7)?
-40
Let k(m) = m**3 - 9*m**2 + 8*m - 21. Calculate k(7).
-63
Let j(d) = -d**2 - d - 21. What is j(0)?
-21
Let s(w) = -w**3 + 12*w + 1. What is s(-3)?
-8
Let r(u) = u**2 - 30*u + 66. What is r(28)?
10
Let b(g) = g**3 + g**2 + 2*g + 3. What is b(-2)?
-5
Let a(d) = 7*d + 1. Determine a(6).
43
Let w(a) = -2*a**2 + 16*a - 24. Calculate w(8).
-24
Let q(d) = 3*d + 1. Calculate q(-3).
-8
Let z(r) = r**2 + 10*r + 7. Calculate z(-10).
7
Let f(n) = -2*n**3 - 6*n**2 + 11*n + 18. What is f(-4)?
6
Let i(c) = c**2 + 10*c + 8. Calculate i(-11).
19
Let z(b) = 12*b**2 + 27*b + 4. Calculate z(-3).
31
Let o(p) = 7*p + 23. Calculate o(-13).
-68
Let v(m) = -3*m + 9. Give v(9).
-18
Let w(r) = 4*r - 53. What is w(13)?
-1
Let k(g) 